 - 9. Let i be f(12). Suppose -2*m - 15 = 5*o, 4*m = -4*o - o - i. Suppose -2*d = -4, m = -5*l - 0*d + d + 633. Is l a composite number?
False
Is (1/1 + 478670)*(-22)/(-66) prime?
False
Let m = 162924 - -31339. Is m a composite number?
False
Let o(n) = -6119*n - 3. Let q be -4 - (5 + -3 + -2 + -2). Is o(q) prime?
False
Let b = -8432 - -4623. Let a = -2338 - b. Is a a prime number?
True
Is (-3*2032/24)/(324028/36004 - 9) composite?
True
Let w(x) = x**3 - 6*x**2 - 7*x + 9. Let z be w(9). Suppose z = -v + 4579. Suppose -6*u + 16*u - v = 0. Is u composite?
False
Let n = -259 - -263. Is n/(-30) - ((-303457)/165 + -8) a prime number?
True
Let f be (48/15)/((-1)/(-5)). Is (-4)/2*(-2648)/f a prime number?
True
Is 31948 + 10 + 845/(-91) + 2/7 a composite number?
True
Suppose 26*g + 20 = 30*g. Suppose 3*w + 9 = 3*n, -n = 2*n + g*w - 1. Suppose 0*s + n*s = 5522. Is s a composite number?
True
Let s be ((-32)/12)/8*(1 + -109). Suppose -57*t + s*t + 20307 = 0. Is t prime?
True
Let r(i) = 17*i**3 - 58*i**2 + 45*i - 509. Is r(29) a composite number?
False
Let o = 140 + 76. Suppose -5*i + n - 395 - 372 = 0, i = -2*n - 160. Let j = o + i. Is j prime?
False
Let i(l) = 16*l**2 + 42*l - 199. Is i(-39) a prime number?
False
Suppose 5*q - 17*q = -9156. Suppose -q = -6*p - p. Is p composite?
False
Suppose 0 = -3*r - 4*q + 13, -5*r + 7 = 3*q - 22. Suppose -4*w + 237 = -r*w. Is -1*(1 - 2)/((-1)/w) a composite number?
False
Suppose -195*m + 202*m - 14 = 0. Suppose m*j - 5060 = 794. Is j a composite number?
False
Let g(b) be the second derivative of 919*b**4/2 + b**3 - b**2/2 - 4*b - 8. Is g(1) prime?
True
Is 9/(-6) - (-22)/4 - -5977 a prime number?
True
Let x(t) = t**3 - 15*t**2 + 5*t + 31. Suppose -5*f + 26 = -4. Suppose z = 5*z - i - 67, f = -2*i. Is x(z) a composite number?
False
Let y be (0 - -2 - 1)*-3. Let a be (-2)/y*(-105)/14. Is 2/(a/(660/(-8))) a composite number?
True
Let y be (-2*1349 + -1)*(3 - 5). Suppose 2*f = -35*p + 32*p + y, -p = -3*f + 8119. Is f a composite number?
True
Let o(f) = -f**2 + 9*f + 10. Let q be o(-1). Suppose q = 5*g - 2376 - 13879. Is g a prime number?
True
Suppose 14*x - 125043 = 527651. Is x composite?
True
Suppose -3*y - 8 = -5*y. Let m(i) = y*i**2 + 3 + 4*i + i - 4*i + 2*i. Is m(4) prime?
True
Suppose 0*f = -156*f + 4836. Is f composite?
False
Suppose 11*q + 4 = 13*q. Suppose -v = 3, 2*v + 12 + 14 = q*h. Suppose -2757 = h*n - 13*n. Is n composite?
False
Let r = 1845295 - 797226. Is r composite?
True
Let j(a) = 1838*a**2 + 94*a + 53. Is j(9) composite?
True
Let s(d) = 66072*d**2 + 10*d - 13. Is s(2) composite?
True
Let g be 705/(-6)*(2 - 1038/15). Suppose -6*v + 44706 = -g. Is v a composite number?
True
Let r = -1024 - 3711. Let g = r - -9102. Is g prime?
False
Let d be ((-13810314)/19)/(-6) + 10/(-95). Suppose 138*o = 127*o + d. Is o a prime number?
False
Suppose 5 = -2*a - 1, -2190 = -3*c + a. Let z = 1610 + c. Is z a composite number?
False
Let r be (-6 + (-25515)/(-18))*2. Let p = r - -1144. Is p prime?
True
Let l(a) = -6*a - 94. Let z be l(-16). Suppose 3*y = p + 33 - 709, -y + 1387 = z*p. Is p prime?
True
Let m = 1747 + -1064. Let l = m - 184. Is l a composite number?
False
Suppose o - 3*t - 25 = -t, 0 = -3*o + t + 75. Let h be (600/125)/((-1)/o). Let c = -25 - h. Is c prime?
False
Let f(g) = 32*g**3 - 16*g**2 + 6*g - 14. Let c be f(8). Suppose -65*i = -67*i + c. Is i composite?
True
Let h be (-195)/25 + 1/(-5). Let u be 2*((-12)/h - 1 - -2). Suppose -z = -4*y - 202, 4*y = u*z - 356 - 654. Is z composite?
True
Is (2 + 28/(-4) - -3) + 31746/2 composite?
True
Let r(z) = 1 + 2*z**2 - 15 + 8*z + 0*z**2. Let k be r(-5). Is k*(-2 - 100/8) a prime number?
False
Let h(t) = -471*t + 46. Let y(j) = 94*j - 9. Let g(l) = 4*h(l) + 22*y(l). Let m be g(5). Let q = 1677 - m. Is q composite?
True
Let y(b) = b**3 - b**2 - 5*b + 2. Let s be y(4). Let f(v) = -35*v - 5 - s*v - 47*v. Is f(-4) a composite number?
False
Suppose -103887 = -6*u - 28473. Is u prime?
True
Is 835085/25 - 96/240 a composite number?
False
Let k(g) = 5*g - 5. Let j be k(1). Suppose j*v - 4*v - 48 = 0. Is ((-340)/v + 4)/(2/12) a prime number?
False
Let r(u) = 35414*u + 98. Let c be r(5). Suppose 44773 = -5*x + c. Is x a composite number?
False
Is (4/6 + (-67197)/9)*(-90 + 69) prime?
False
Let t(w) = 6858*w**2 - 7*w - 7. Let s be t(-1). Suppose 2*f = q + 4573, 3*f + q - 2*q = s. Is f composite?
True
Suppose i + 3 = 2*r, 0*i - 1 = -4*r + 3*i. Suppose -3*y = r*a + 961, -5*a - 4*y + 0*y = 1201. Let f = -150 - a. Is f prime?
False
Let o(f) be the second derivative of -127*f**3/3 + 93*f**2/2 - f - 21. Is o(-7) composite?
False
Suppose 5*q - j - 2*j - 104270 = 0, 5*q + 3*j = 104270. Is q a prime number?
False
Let o(n) = -125*n - 4041. Is o(-74) prime?
True
Let p(k) = -30630*k + 2941. Is p(-7) composite?
False
Let s be 3/3*-113*-1. Suppose 28*v - 276 = 26*v. Let b = s + v. Is b a composite number?
False
Is -1*(-30338 + 40/(-8)) a composite number?
True
Let z(a) = -3063*a + 2923. Is z(-42) prime?
False
Suppose -133*q + 19070506 = 3817667. Is q a composite number?
True
Suppose 13*x - 15*x - 8 = 0. Let z(g) = 8*g**2 + 3*g - 3. Is z(x) composite?
False
Let l = -12 + 16. Suppose -5*j + 9 = -5*u - 6, -4*u = l*j - 28. Suppose -n = -4*t - 435, -3*n - j*t - 682 + 1919 = 0. Is n prime?
True
Let j(g) = g**2 - 2. Let r(v) = v**3 - 6*v**2 - 2*v + 1. Let i(d) = 2*j(d) - r(d). Suppose -5*f - 2*p - 36 = 0, f + 15 = 4*p - 7*p. Is i(f) a prime number?
True
Suppose -5*v = a + 26, -6 + 20 = -a - 2*v. Is 80816/5 - a/(-30) a prime number?
False
Let b(r) = 814*r**2 + 72*r + 601. Is b(-12) a prime number?
True
Let i be (3058/8 + -4)/((-9)/(-396)). Let c = i - 8142. Is c a prime number?
True
Let d be 0 - (60/(-3))/(-4). Let o be 11 + (d/5)/1. Suppose 0 = o*b - 591 - 12179. Is b composite?
False
Let n(y) = 2*y**3 - 23*y**2 - 44*y + 100. Is n(47) a composite number?
False
Let b(y) be the second derivative of 87*y**4/2 - 2*y**3/3 + 15*y**2/2 - 16*y. Is b(-5) composite?
True
Let a(s) = s**3 + s + 23917. Let w be a(0). Suppose w = 10*f + 2807. Is f prime?
True
Suppose -4*a = c - 61743, a - c = -6*c + 15412. Let i = 32838 - a. Is i a prime number?
True
Suppose 30*n - 532 = -8*n. Suppose 5*r = -n*r + 270883. Is r composite?
True
Suppose -5*a + 3*a = 0. Let j(m) = 4*m + 78. Let g be j(-19). Suppose -2*q + g*r + 4622 = a, -r + 3*r = -5*q + 11541. Is q composite?
False
Is (6634433/(-507))/(3/(-9)) prime?
False
Suppose 7469*o - 8310733 = 7450*o. Is o prime?
False
Let u = 42 + -33. Let k be 159564/5 + 100/(-125). Suppose u*o = o + k. Is o composite?
False
Let g be (12/15)/((-46)/115). Let r(u) be the first derivative of -163*u**2/2 + 5*u - 1. Is r(g) a composite number?
False
Let v = 63 + -45. Suppose 17*n - v*n + 172 = 0. Let c = 13 + n. Is c a prime number?
False
Suppose 7*j = -4*j + 8*j. Suppose j = 15*s - 1165 - 2870. Is s a composite number?
False
Suppose -4*i + 3027 = -2*i + 5*m, 0 = 2*m - 10. Suppose 0 = -s - q + 994, -5*s + s + 3982 = 2*q. Suppose 2*w = -d + s, -w - 4*d - i = -4*w. Is w prime?
True
Suppose -6*g + 9042 = -4428. Let k = 4046 - g. Is k a composite number?
False
Suppose 18979*z = 18984*z - 1216225. Is z prime?
False
Let s be (-2)/(4/117876*3). Let j = 7893 - s. Is j a composite number?
False
Let l(s) = -7*s - 10. Let p be l(-2). Let j(u) = 7*u**3 + 2 + 1 - 3*u + 5*u - 4*u. Is j(p) composite?
False
Let t(y) = 150*y**2 + 22*y - 33. Is t(-16) a composite number?
True
Let c(u) = u**3 - 5*u**2 + u + 7. Let w be c(5). Let s be (3294/w + 3)/((-1)/2). Let i = 934 + s. Is i prime?
True
Suppose 5 = -4*c + 5*d, -5*c + 5*d - 3*d = 2. Suppose -4*g = w - 2, 153*g = 3*w + 149*g - 6. Suppose c*r = w*r - 1106. Is r a composite number?
True
Suppose 0 = w + 22*k - 19*k - 140593, 4*w - 3*k - 562372 = 0. Is w a composite number?
False
Let i be (-4 - -1)*(-60)/(-9). Is (i/40)/((-1)/7694) a composite number?
False
Suppose 14*w + 24*w = 31*w + 87157. Is w a composite number?
False
Let b be 18/27 - 82/(-3). Suppose -4*r - 4*l = -b, -4*r + 2*l + 3*l + 1 = 0. Suppose -64 = -r*d - 20. Is d composite?
False
Let l(r) = 94224*r**2 + 788*r + 786. Is l(-1) composite?
True
Suppose -4*u + 148392 + 34686 = -2*g, -5*u - 2*g + 228843 = 0. Is u a composite number?
True
Suppose -87*v = -15*v + 43*v - 19266755. Is v a prime number?
Tru